{"id":18857,"date":"2024-05-10T09:25:50","date_gmt":"2024-05-10T09:25:50","guid":{"rendered":"https:\/\/renac-wp.test.3ip.eu\/nprojects\/iniciativas-bilaterales-de-cooperacion-energetica\/"},"modified":"2025-02-25T13:41:59","modified_gmt":"2025-02-25T12:41:59","slug":"iniciativas-bilaterales-de-cooperacion-energetica","status":"publish","type":"nprojects","link":"https:\/\/www.renac.de\/es\/nprojects\/iniciativas-bilaterales-de-cooperacion-energetica\/","title":{"rendered":"Iniciativas bilaterales de cooperaci\u00f3n energ\u00e9tica"},"featured_media":7288,"template":"","product_tag":[],"class_list":["post-18857","nprojects","type-nprojects","status-publish","has-post-thumbnail","hentry"],"acf":[],"yoast_head":"<!-- This site is optimized with the Yoast SEO plugin v26.8 - https:\/\/yoast.com\/product\/yoast-seo-wordpress\/ -->\n<title>Iniciativas bilaterales de cooperaci\u00f3n energ\u00e9tica - RENAC<\/title>\n<meta name=\"description\" content=\"The Renewables Academy (RENAC) AG, bajo la coordinaci\u00f3n de adelphi, apoya al BMWi en su objetivo de fomentar el intercambio de pol\u00edticas energ\u00e9ticas con EE.UU., Canad\u00e1, Australia y Nueva Zelanda. En el marco del di\u00e1logo energ\u00e9tico, Renewables Academy es el socio responsable de la organizaci\u00f3n de viajes de delegaciones de alto nivel a Alemania y apoya al BMWi en la coorganizaci\u00f3n de eventos sobre pol\u00edtica energ\u00e9tica y talleres de expertos en Alemania.\" \/>\n<meta name=\"robots\" content=\"noindex, follow\" \/>\n<meta property=\"og:locale\" content=\"es_ES\" \/>\n<meta property=\"og:type\" content=\"article\" \/>\n<meta property=\"og:title\" content=\"Iniciativas bilaterales de cooperaci\u00f3n energ\u00e9tica - RENAC\" \/>\n<meta property=\"og:description\" content=\"Las colaboraciones internacionales formalizadas y los di\u00e1logos energ\u00e9ticos no formalizados del BMWi son el elemento clave de la cooperaci\u00f3n energ\u00e9tica bilateral del Gobierno Federal de Alemania. Los di\u00e1logos energ\u00e9ticos de alto nivel facilitan el intercambio bilateral peri\u00f3dico entre los gobiernos y otras instituciones y partes interesadas. Su objetivo es fortalecer la transici\u00f3n energ\u00e9tica, as\u00ed como construir relaciones energ\u00e9ticas de confianza y a largo plazo con los pa\u00edses socios, fomentando el aprendizaje mutuo sobre cuestiones clave de pol\u00edtica energ\u00e9tica, as\u00ed como retos y oportunidades comunes.\" \/>\n<meta property=\"og:url\" content=\"https:\/\/www.renac.de\/es\/nprojects\/iniciativas-bilaterales-de-cooperacion-energetica\/\" \/>\n<meta property=\"og:site_name\" content=\"RENAC\" \/>\n<meta property=\"article:modified_time\" content=\"2025-02-25T12:41:59+00:00\" \/>\n<meta name=\"twitter:card\" content=\"summary_large_image\" \/>\n<meta name=\"twitter:title\" content=\"Iniciativas bilaterales de cooperaci\u00f3n energ\u00e9tica\" \/>\n<meta name=\"twitter:description\" content=\"Las colaboraciones internacionales formalizadas y los di\u00e1logos energ\u00e9ticos no formalizados del BMWi son el elemento clave de la cooperaci\u00f3n energ\u00e9tica bilateral del Gobierno Federal de Alemania. Los di\u00e1logos energ\u00e9ticos de alto nivel facilitan el intercambio bilateral peri\u00f3dico entre los gobiernos y otras instituciones y partes interesadas. Su objetivo es fortalecer la transici\u00f3n energ\u00e9tica, as\u00ed como construir relaciones energ\u00e9ticas de confianza y a largo plazo con los pa\u00edses socios, fomentando el aprendizaje mutuo sobre cuestiones clave de pol\u00edtica energ\u00e9tica, as\u00ed como retos y oportunidades comunes.\" \/>\n<meta name=\"twitter:label1\" content=\"Tiempo de lectura\" \/>\n\t<meta name=\"twitter:data1\" content=\"64 minutos\" \/>\n<script type=\"application\/ld+json\" class=\"yoast-schema-graph\">{\"@context\":\"https:\/\/schema.org\",\"@graph\":[{\"@type\":\"WebPage\",\"@id\":\"https:\/\/www.renac.de\/es\/nprojects\/iniciativas-bilaterales-de-cooperacion-energetica\/\",\"url\":\"https:\/\/www.renac.de\/es\/nprojects\/iniciativas-bilaterales-de-cooperacion-energetica\/\",\"name\":\"Iniciativas bilaterales de cooperaci\u00f3n energ\u00e9tica - RENAC\",\"isPartOf\":{\"@id\":\"https:\/\/www.renac.de\/es\/#website\"},\"primaryImageOfPage\":{\"@id\":\"https:\/\/www.renac.de\/es\/nprojects\/iniciativas-bilaterales-de-cooperacion-energetica\/#primaryimage\"},\"image\":{\"@id\":\"https:\/\/www.renac.de\/es\/nprojects\/iniciativas-bilaterales-de-cooperacion-energetica\/#primaryimage\"},\"thumbnailUrl\":\"\",\"datePublished\":\"2024-05-10T09:25:50+00:00\",\"dateModified\":\"2025-02-25T12:41:59+00:00\",\"description\":\"The Renewables Academy (RENAC) AG, bajo la coordinaci\u00f3n de adelphi, apoya al BMWi en su objetivo de fomentar el intercambio de pol\u00edticas energ\u00e9ticas con EE.UU., Canad\u00e1, Australia y Nueva Zelanda. En el marco del di\u00e1logo energ\u00e9tico, Renewables Academy es el socio responsable de la organizaci\u00f3n de viajes de delegaciones de alto nivel a Alemania y apoya al BMWi en la coorganizaci\u00f3n de eventos sobre pol\u00edtica energ\u00e9tica y talleres de expertos en Alemania.\",\"breadcrumb\":{\"@id\":\"https:\/\/www.renac.de\/es\/nprojects\/iniciativas-bilaterales-de-cooperacion-energetica\/#breadcrumb\"},\"inLanguage\":\"es\",\"potentialAction\":[{\"@type\":\"ReadAction\",\"target\":[\"https:\/\/www.renac.de\/es\/nprojects\/iniciativas-bilaterales-de-cooperacion-energetica\/\"]}]},{\"@type\":\"ImageObject\",\"inLanguage\":\"es\",\"@id\":\"https:\/\/www.renac.de\/es\/nprojects\/iniciativas-bilaterales-de-cooperacion-energetica\/#primaryimage\",\"url\":\"\",\"contentUrl\":\"\"},{\"@type\":\"BreadcrumbList\",\"@id\":\"https:\/\/www.renac.de\/es\/nprojects\/iniciativas-bilaterales-de-cooperacion-energetica\/#breadcrumb\",\"itemListElement\":[{\"@type\":\"ListItem\",\"position\":1,\"name\":\"Startseite\",\"item\":\"https:\/\/www.renac.de\/es\/\"},{\"@type\":\"ListItem\",\"position\":2,\"name\":\"Iniciativas bilaterales de cooperaci\u00f3n energ\u00e9tica\"}]},{\"@type\":\"WebSite\",\"@id\":\"https:\/\/www.renac.de\/es\/#website\",\"url\":\"https:\/\/www.renac.de\/es\/\",\"name\":\"RENAC\",\"description\":\"\",\"potentialAction\":[{\"@type\":\"SearchAction\",\"target\":{\"@type\":\"EntryPoint\",\"urlTemplate\":\"https:\/\/www.renac.de\/es\/?s={search_term_string}\"},\"query-input\":{\"@type\":\"PropertyValueSpecification\",\"valueRequired\":true,\"valueName\":\"search_term_string\"}}],\"inLanguage\":\"es\"}]}<\/script>\n<!-- \/ Yoast SEO plugin. -->","yoast_head_json":{"title":"Iniciativas bilaterales de cooperaci\u00f3n energ\u00e9tica - RENAC","description":"The Renewables Academy (RENAC) AG, bajo la coordinaci\u00f3n de adelphi, apoya al BMWi en su objetivo de fomentar el intercambio de pol\u00edticas energ\u00e9ticas con EE.UU., Canad\u00e1, Australia y Nueva Zelanda. En el marco del di\u00e1logo energ\u00e9tico, Renewables Academy es el socio responsable de la organizaci\u00f3n de viajes de delegaciones de alto nivel a Alemania y apoya al BMWi en la coorganizaci\u00f3n de eventos sobre pol\u00edtica energ\u00e9tica y talleres de expertos en Alemania.","robots":{"index":"noindex","follow":"follow"},"og_locale":"es_ES","og_type":"article","og_title":"Iniciativas bilaterales de cooperaci\u00f3n energ\u00e9tica - RENAC","og_description":"Las colaboraciones internacionales formalizadas y los di\u00e1logos energ\u00e9ticos no formalizados del BMWi son el elemento clave de la cooperaci\u00f3n energ\u00e9tica bilateral del Gobierno Federal de Alemania. Los di\u00e1logos energ\u00e9ticos de alto nivel facilitan el intercambio bilateral peri\u00f3dico entre los gobiernos y otras instituciones y partes interesadas. Su objetivo es fortalecer la transici\u00f3n energ\u00e9tica, as\u00ed como construir relaciones energ\u00e9ticas de confianza y a largo plazo con los pa\u00edses socios, fomentando el aprendizaje mutuo sobre cuestiones clave de pol\u00edtica energ\u00e9tica, as\u00ed como retos y oportunidades comunes.","og_url":"https:\/\/www.renac.de\/es\/nprojects\/iniciativas-bilaterales-de-cooperacion-energetica\/","og_site_name":"RENAC","article_modified_time":"2025-02-25T12:41:59+00:00","twitter_card":"summary_large_image","twitter_title":"Iniciativas bilaterales de cooperaci\u00f3n energ\u00e9tica","twitter_description":"Las colaboraciones internacionales formalizadas y los di\u00e1logos energ\u00e9ticos no formalizados del BMWi son el elemento clave de la cooperaci\u00f3n energ\u00e9tica bilateral del Gobierno Federal de Alemania. Los di\u00e1logos energ\u00e9ticos de alto nivel facilitan el intercambio bilateral peri\u00f3dico entre los gobiernos y otras instituciones y partes interesadas. Su objetivo es fortalecer la transici\u00f3n energ\u00e9tica, as\u00ed como construir relaciones energ\u00e9ticas de confianza y a largo plazo con los pa\u00edses socios, fomentando el aprendizaje mutuo sobre cuestiones clave de pol\u00edtica energ\u00e9tica, as\u00ed como retos y oportunidades comunes.","twitter_misc":{"Tiempo de lectura":"64 minutos"},"schema":{"@context":"https:\/\/schema.org","@graph":[{"@type":"WebPage","@id":"https:\/\/www.renac.de\/es\/nprojects\/iniciativas-bilaterales-de-cooperacion-energetica\/","url":"https:\/\/www.renac.de\/es\/nprojects\/iniciativas-bilaterales-de-cooperacion-energetica\/","name":"Iniciativas bilaterales de cooperaci\u00f3n energ\u00e9tica - RENAC","isPartOf":{"@id":"https:\/\/www.renac.de\/es\/#website"},"primaryImageOfPage":{"@id":"https:\/\/www.renac.de\/es\/nprojects\/iniciativas-bilaterales-de-cooperacion-energetica\/#primaryimage"},"image":{"@id":"https:\/\/www.renac.de\/es\/nprojects\/iniciativas-bilaterales-de-cooperacion-energetica\/#primaryimage"},"thumbnailUrl":"","datePublished":"2024-05-10T09:25:50+00:00","dateModified":"2025-02-25T12:41:59+00:00","description":"The Renewables Academy (RENAC) AG, bajo la coordinaci\u00f3n de adelphi, apoya al BMWi en su objetivo de fomentar el intercambio de pol\u00edticas energ\u00e9ticas con EE.UU., Canad\u00e1, Australia y Nueva Zelanda. En el marco del di\u00e1logo energ\u00e9tico, Renewables Academy es el socio responsable de la organizaci\u00f3n de viajes de delegaciones de alto nivel a Alemania y apoya al BMWi en la coorganizaci\u00f3n de eventos sobre pol\u00edtica energ\u00e9tica y talleres de expertos en Alemania.","breadcrumb":{"@id":"https:\/\/www.renac.de\/es\/nprojects\/iniciativas-bilaterales-de-cooperacion-energetica\/#breadcrumb"},"inLanguage":"es","potentialAction":[{"@type":"ReadAction","target":["https:\/\/www.renac.de\/es\/nprojects\/iniciativas-bilaterales-de-cooperacion-energetica\/"]}]},{"@type":"ImageObject","inLanguage":"es","@id":"https:\/\/www.renac.de\/es\/nprojects\/iniciativas-bilaterales-de-cooperacion-energetica\/#primaryimage","url":"","contentUrl":""},{"@type":"BreadcrumbList","@id":"https:\/\/www.renac.de\/es\/nprojects\/iniciativas-bilaterales-de-cooperacion-energetica\/#breadcrumb","itemListElement":[{"@type":"ListItem","position":1,"name":"Startseite","item":"https:\/\/www.renac.de\/es\/"},{"@type":"ListItem","position":2,"name":"Iniciativas bilaterales de cooperaci\u00f3n energ\u00e9tica"}]},{"@type":"WebSite","@id":"https:\/\/www.renac.de\/es\/#website","url":"https:\/\/www.renac.de\/es\/","name":"RENAC","description":"","potentialAction":[{"@type":"SearchAction","target":{"@type":"EntryPoint","urlTemplate":"https:\/\/www.renac.de\/es\/?s={search_term_string}"},"query-input":{"@type":"PropertyValueSpecification","valueRequired":true,"valueName":"search_term_string"}}],"inLanguage":"es"}]}},"_links":{"self":[{"href":"https:\/\/www.renac.de\/es\/wp-json\/wp\/v2\/nprojects\/18857","targetHints":{"allow":["GET"]}}],"collection":[{"href":"https:\/\/www.renac.de\/es\/wp-json\/wp\/v2\/nprojects"}],"about":[{"href":"https:\/\/www.renac.de\/es\/wp-json\/wp\/v2\/types\/nprojects"}],"wp:featuredmedia":[{"embeddable":true,"href":"https:\/\/www.renac.de\/es\/wp-json\/"}],"wp:attachment":[{"href":"https:\/\/www.renac.de\/es\/wp-json\/wp\/v2\/media?parent=18857"}],"wp:term":[{"taxonomy":"product_tag","embeddable":true,"href":"https:\/\/www.renac.de\/es\/wp-json\/wp\/v2\/product_tag?post=18857"}],"curies":[{"name":"wp","href":"https:\/\/api.w.org\/{rel}","templated":true}]}}

Iniciativas bilaterales de cooperación energética

<!-- This site is optimized with the Yoast SEO plugin v26.8 - https://yoast.com/product/yoast-seo-wordpress/ -->
<title>Iniciativas bilaterales de cooperación energética - RENAC</title>
<meta name="description" content="The Renewables Academy (RENAC) AG, bajo la coordinación de adelphi, apoya al BMWi en su objetivo de fomentar el intercambio de políticas energéticas con EE.UU., Canadá, Australia y Nueva Zelanda. En el marco del diálogo energético, Renewables Academy es el socio responsable de la organización de viajes de delegaciones de alto nivel a Alemania y apoya al BMWi en la coorganización de eventos sobre política energética y talleres de expertos en Alemania." />
<meta name="robots" content="noindex, follow" />
<meta property="og:locale" content="es_ES" />
<meta property="og:type" content="article" />
<meta property="og:title" content="Iniciativas bilaterales de cooperación energética - RENAC" />
<meta property="og:description" content="Las colaboraciones internacionales formalizadas y los diálogos energéticos no formalizados del BMWi son el elemento clave de la cooperación energética bilateral del Gobierno Federal de Alemania. Los diálogos energéticos de alto nivel facilitan el intercambio bilateral periódico entre los gobiernos y otras instituciones y partes interesadas. Su objetivo es fortalecer la transición energética, así como construir relaciones energéticas de confianza y a largo plazo con los países socios, fomentando el aprendizaje mutuo sobre cuestiones clave de política energética, así como retos y oportunidades comunes." />
<meta property="og:url" content="https://www.renac.de/es/nprojects/iniciativas-bilaterales-de-cooperacion-energetica/" />
<meta property="og:site_name" content="RENAC" />
<meta property="article:modified_time" content="2025-02-25T12:41:59+00:00" />
<meta name="twitter:card" content="summary_large_image" />
<meta name="twitter:title" content="Iniciativas bilaterales de cooperación energética" />
<meta name="twitter:description" content="Las colaboraciones internacionales formalizadas y los diálogos energéticos no formalizados del BMWi son el elemento clave de la cooperación energética bilateral del Gobierno Federal de Alemania. Los diálogos energéticos de alto nivel facilitan el intercambio bilateral periódico entre los gobiernos y otras instituciones y partes interesadas. Su objetivo es fortalecer la transición energética, así como construir relaciones energéticas de confianza y a largo plazo con los países socios, fomentando el aprendizaje mutuo sobre cuestiones clave de política energética, así como retos y oportunidades comunes." />
<meta name="twitter:label1" content="Tiempo de lectura" />
	<meta name="twitter:data1" content="64 minutos" />
<script type="application/ld+json" class="yoast-schema-graph">{"@context":"https://schema.org","@graph":[{"@type":"WebPage","@id":"https://www.renac.de/es/nprojects/iniciativas-bilaterales-de-cooperacion-energetica/","url":"https://www.renac.de/es/nprojects/iniciativas-bilaterales-de-cooperacion-energetica/","name":"Iniciativas bilaterales de cooperación energética - RENAC","isPartOf":{"@id":"https://www.renac.de/es/#website"},"primaryImageOfPage":{"@id":"https://www.renac.de/es/nprojects/iniciativas-bilaterales-de-cooperacion-energetica/#primaryimage"},"image":{"@id":"https://www.renac.de/es/nprojects/iniciativas-bilaterales-de-cooperacion-energetica/#primaryimage"},"thumbnailUrl":"","datePublished":"2024-05-10T09:25:50+00:00","dateModified":"2025-02-25T12:41:59+00:00","description":"The Renewables Academy (RENAC) AG, bajo la coordinación de adelphi, apoya al BMWi en su objetivo de fomentar el intercambio de políticas energéticas con EE.UU., Canadá, Australia y Nueva Zelanda. En el marco del diálogo energético, Renewables Academy es el socio responsable de la organización de viajes de delegaciones de alto nivel a Alemania y apoya al BMWi en la coorganización de eventos sobre política energética y talleres de expertos en Alemania.","breadcrumb":{"@id":"https://www.renac.de/es/nprojects/iniciativas-bilaterales-de-cooperacion-energetica/#breadcrumb"},"inLanguage":"es","potentialAction":[{"@type":"ReadAction","target":["https://www.renac.de/es/nprojects/iniciativas-bilaterales-de-cooperacion-energetica/"]}]},{"@type":"ImageObject","inLanguage":"es","@id":"https://www.renac.de/es/nprojects/iniciativas-bilaterales-de-cooperacion-energetica/#primaryimage","url":"","contentUrl":""},{"@type":"BreadcrumbList","@id":"https://www.renac.de/es/nprojects/iniciativas-bilaterales-de-cooperacion-energetica/#breadcrumb","itemListElement":[{"@type":"ListItem","position":1,"name":"Startseite","item":"https://www.renac.de/es/"},{"@type":"ListItem","position":2,"name":"Iniciativas bilaterales de cooperación energética"}]},{"@type":"WebSite","@id":"https://www.renac.de/es/#website","url":"https://www.renac.de/es/","name":"RENAC","description":"","potentialAction":[{"@type":"SearchAction","target":{"@type":"EntryPoint","urlTemplate":"https://www.renac.de/es/?s={search_term_string}"},"query-input":{"@type":"PropertyValueSpecification","valueRequired":true,"valueName":"search_term_string"}}],"inLanguage":"es"}]}</script>
<!-- / Yoast SEO plugin. -->

Iniciativas bilaterales de cooperación energética - RENAC

The Renewables Academy (RENAC) AG, bajo la coordinación de adelphi, apoya al BMWi en su objetivo de fomentar el intercambio de políticas energéticas con EE.UU., Canadá, Australia y Nueva Zelanda. En el marco del diálogo energético, Renewables Academy es el socio responsable de la organización de viajes de delegaciones de alto nivel a Alemania y apoya al BMWi en la coorganización de eventos sobre política energética y talleres de expertos en Alemania.

Las colaboraciones internacionales formalizadas y los diálogos energéticos no formalizados del BMWi son el elemento clave de la cooperación energética bilateral del Gobierno Federal de Alemania. Los diálogos energéticos de alto nivel facilitan el intercambio bilateral periódico entre los gobiernos y otras instituciones y partes interesadas. Su objetivo es fortalecer la transición energética, así como construir relaciones energéticas de confianza y a largo plazo con los países socios, fomentando el aprendizaje mutuo sobre cuestiones clave de política energética, así como retos y oportunidades comunes.
