{"id":19069,"date":"2023-04-26T12:52:37","date_gmt":"2023-04-26T12:52:37","guid":{"rendered":"https:\/\/renac-wp.test.3ip.eu\/nprojects\/almacenamiento-de-energia-aplicacion-y-tecnologia\/"},"modified":"2025-02-26T09:18:32","modified_gmt":"2025-02-26T08:18:32","slug":"almacenamiento-de-energia-aplicacion-y-tecnologia","status":"publish","type":"nprojects","link":"https:\/\/www.renac.de\/es\/nprojects\/almacenamiento-de-energia-aplicacion-y-tecnologia\/","title":{"rendered":"Almacenamiento de energ\u00eda &#8211; Aplicaci\u00f3n y tecnolog\u00eda"},"featured_media":18824,"template":"","product_tag":[],"class_list":["post-19069","nprojects","type-nprojects","status-publish","has-post-thumbnail","hentry"],"acf":[],"yoast_head":"<!-- This site is optimized with the Yoast SEO plugin v26.8 - https:\/\/yoast.com\/product\/yoast-seo-wordpress\/ -->\n<title>Almacenamiento de energ\u00eda - Aplicaci\u00f3n y tecnolog\u00eda - RENAC<\/title>\n<meta name=\"description\" content=\"Este curso ofrece una visi\u00f3n de los avances y retos a los que se enfrentan los sistemas de almacenamiento de energ\u00eda. Estos sistemas tienen el potencial de cerrar la brecha entre la oferta y la demanda de energ\u00eda, especialmente en redes que utilizan una elevada proporci\u00f3n de generaci\u00f3n renovable. A pesar de las importantes mejoras t\u00e9cnicas de los \u00faltimos a\u00f1os, los mercados de almacenamiento est\u00e1n a\u00fan en pa\u00f1ales, y algunas tecnolog\u00edas de sistemas de almacenamiento de energ\u00eda (ESS) se enfrentan a retos tanto econ\u00f3micos como tecnol\u00f3gicos.\" \/>\n<meta name=\"robots\" content=\"noindex, follow\" \/>\n<meta property=\"og:locale\" content=\"es_ES\" \/>\n<meta property=\"og:type\" content=\"article\" \/>\n<meta property=\"og:title\" content=\"Almacenamiento de energ\u00eda - Aplicaci\u00f3n y tecnolog\u00eda - RENAC\" \/>\n<meta property=\"og:description\" content=\"Este curso ofrece una visi\u00f3n de los avances y retos a los que se enfrentan los sistemas de almacenamiento de energ\u00eda. Estos sistemas tienen el potencial de cerrar la brecha entre la oferta y la demanda de energ\u00eda, especialmente en redes que utilizan una elevada proporci\u00f3n de generaci\u00f3n renovable. A pesar de las importantes mejoras t\u00e9cnicas de los \u00faltimos a\u00f1os, los mercados de almacenamiento est\u00e1n a\u00fan en pa\u00f1ales, y algunas tecnolog\u00edas de sistemas de almacenamiento de energ\u00eda (ESS) se enfrentan a retos tanto econ\u00f3micos como tecnol\u00f3gicos.\" \/>\n<meta property=\"og:url\" content=\"https:\/\/www.renac.de\/es\/nprojects\/almacenamiento-de-energia-aplicacion-y-tecnologia\/\" \/>\n<meta property=\"og:site_name\" content=\"RENAC\" \/>\n<meta property=\"article:modified_time\" content=\"2025-02-26T08:18:32+00:00\" \/>\n<meta name=\"twitter:card\" content=\"summary_large_image\" \/>\n<meta name=\"twitter:title\" content=\"Almacenamiento de energ\u00eda - Aplicaci\u00f3n y tecnolog\u00eda\" \/>\n<meta name=\"twitter:description\" content=\"Este curso ofrece una visi\u00f3n de los avances y retos a los que se enfrentan los sistemas de almacenamiento de energ\u00eda. Estos sistemas tienen el potencial de cerrar la brecha entre la oferta y la demanda de energ\u00eda, especialmente en redes que utilizan una elevada proporci\u00f3n de generaci\u00f3n renovable. A pesar de las importantes mejoras t\u00e9cnicas de los \u00faltimos a\u00f1os, los mercados de almacenamiento est\u00e1n a\u00fan en pa\u00f1ales, y algunas tecnolog\u00edas de sistemas de almacenamiento de energ\u00eda (ESS) se enfrentan a retos tanto econ\u00f3micos como tecnol\u00f3gicos.\" \/>\n<script type=\"application\/ld+json\" class=\"yoast-schema-graph\">{\"@context\":\"https:\/\/schema.org\",\"@graph\":[{\"@type\":\"WebPage\",\"@id\":\"https:\/\/www.renac.de\/es\/nprojects\/almacenamiento-de-energia-aplicacion-y-tecnologia\/\",\"url\":\"https:\/\/www.renac.de\/es\/nprojects\/almacenamiento-de-energia-aplicacion-y-tecnologia\/\",\"name\":\"Almacenamiento de energ\u00eda - Aplicaci\u00f3n y tecnolog\u00eda - RENAC\",\"isPartOf\":{\"@id\":\"https:\/\/www.renac.de\/es\/#website\"},\"primaryImageOfPage\":{\"@id\":\"https:\/\/www.renac.de\/es\/nprojects\/almacenamiento-de-energia-aplicacion-y-tecnologia\/#primaryimage\"},\"image\":{\"@id\":\"https:\/\/www.renac.de\/es\/nprojects\/almacenamiento-de-energia-aplicacion-y-tecnologia\/#primaryimage\"},\"thumbnailUrl\":\"\",\"datePublished\":\"2023-04-26T12:52:37+00:00\",\"dateModified\":\"2025-02-26T08:18:32+00:00\",\"description\":\"Este curso ofrece una visi\u00f3n de los avances y retos a los que se enfrentan los sistemas de almacenamiento de energ\u00eda. Estos sistemas tienen el potencial de cerrar la brecha entre la oferta y la demanda de energ\u00eda, especialmente en redes que utilizan una elevada proporci\u00f3n de generaci\u00f3n renovable. A pesar de las importantes mejoras t\u00e9cnicas de los \u00faltimos a\u00f1os, los mercados de almacenamiento est\u00e1n a\u00fan en pa\u00f1ales, y algunas tecnolog\u00edas de sistemas de almacenamiento de energ\u00eda (ESS) se enfrentan a retos tanto econ\u00f3micos como tecnol\u00f3gicos.\",\"breadcrumb\":{\"@id\":\"https:\/\/www.renac.de\/es\/nprojects\/almacenamiento-de-energia-aplicacion-y-tecnologia\/#breadcrumb\"},\"inLanguage\":\"es\",\"potentialAction\":[{\"@type\":\"ReadAction\",\"target\":[\"https:\/\/www.renac.de\/es\/nprojects\/almacenamiento-de-energia-aplicacion-y-tecnologia\/\"]}]},{\"@type\":\"ImageObject\",\"inLanguage\":\"es\",\"@id\":\"https:\/\/www.renac.de\/es\/nprojects\/almacenamiento-de-energia-aplicacion-y-tecnologia\/#primaryimage\",\"url\":\"\",\"contentUrl\":\"\"},{\"@type\":\"BreadcrumbList\",\"@id\":\"https:\/\/www.renac.de\/es\/nprojects\/almacenamiento-de-energia-aplicacion-y-tecnologia\/#breadcrumb\",\"itemListElement\":[{\"@type\":\"ListItem\",\"position\":1,\"name\":\"Startseite\",\"item\":\"https:\/\/www.renac.de\/es\/\"},{\"@type\":\"ListItem\",\"position\":2,\"name\":\"Almacenamiento de energ\u00eda &#8211; Aplicaci\u00f3n y tecnolog\u00eda\"}]},{\"@type\":\"WebSite\",\"@id\":\"https:\/\/www.renac.de\/es\/#website\",\"url\":\"https:\/\/www.renac.de\/es\/\",\"name\":\"RENAC\",\"description\":\"\",\"potentialAction\":[{\"@type\":\"SearchAction\",\"target\":{\"@type\":\"EntryPoint\",\"urlTemplate\":\"https:\/\/www.renac.de\/es\/?s={search_term_string}\"},\"query-input\":{\"@type\":\"PropertyValueSpecification\",\"valueRequired\":true,\"valueName\":\"search_term_string\"}}],\"inLanguage\":\"es\"}]}<\/script>\n<!-- \/ Yoast SEO plugin. -->","yoast_head_json":{"title":"Almacenamiento de energ\u00eda - Aplicaci\u00f3n y tecnolog\u00eda - RENAC","description":"Este curso ofrece una visi\u00f3n de los avances y retos a los que se enfrentan los sistemas de almacenamiento de energ\u00eda. Estos sistemas tienen el potencial de cerrar la brecha entre la oferta y la demanda de energ\u00eda, especialmente en redes que utilizan una elevada proporci\u00f3n de generaci\u00f3n renovable. A pesar de las importantes mejoras t\u00e9cnicas de los \u00faltimos a\u00f1os, los mercados de almacenamiento est\u00e1n a\u00fan en pa\u00f1ales, y algunas tecnolog\u00edas de sistemas de almacenamiento de energ\u00eda (ESS) se enfrentan a retos tanto econ\u00f3micos como tecnol\u00f3gicos.","robots":{"index":"noindex","follow":"follow"},"og_locale":"es_ES","og_type":"article","og_title":"Almacenamiento de energ\u00eda - Aplicaci\u00f3n y tecnolog\u00eda - RENAC","og_description":"Este curso ofrece una visi\u00f3n de los avances y retos a los que se enfrentan los sistemas de almacenamiento de energ\u00eda. Estos sistemas tienen el potencial de cerrar la brecha entre la oferta y la demanda de energ\u00eda, especialmente en redes que utilizan una elevada proporci\u00f3n de generaci\u00f3n renovable. A pesar de las importantes mejoras t\u00e9cnicas de los \u00faltimos a\u00f1os, los mercados de almacenamiento est\u00e1n a\u00fan en pa\u00f1ales, y algunas tecnolog\u00edas de sistemas de almacenamiento de energ\u00eda (ESS) se enfrentan a retos tanto econ\u00f3micos como tecnol\u00f3gicos.","og_url":"https:\/\/www.renac.de\/es\/nprojects\/almacenamiento-de-energia-aplicacion-y-tecnologia\/","og_site_name":"RENAC","article_modified_time":"2025-02-26T08:18:32+00:00","twitter_card":"summary_large_image","twitter_title":"Almacenamiento de energ\u00eda - Aplicaci\u00f3n y tecnolog\u00eda","twitter_description":"Este curso ofrece una visi\u00f3n de los avances y retos a los que se enfrentan los sistemas de almacenamiento de energ\u00eda. Estos sistemas tienen el potencial de cerrar la brecha entre la oferta y la demanda de energ\u00eda, especialmente en redes que utilizan una elevada proporci\u00f3n de generaci\u00f3n renovable. A pesar de las importantes mejoras t\u00e9cnicas de los \u00faltimos a\u00f1os, los mercados de almacenamiento est\u00e1n a\u00fan en pa\u00f1ales, y algunas tecnolog\u00edas de sistemas de almacenamiento de energ\u00eda (ESS) se enfrentan a retos tanto econ\u00f3micos como tecnol\u00f3gicos.","schema":{"@context":"https:\/\/schema.org","@graph":[{"@type":"WebPage","@id":"https:\/\/www.renac.de\/es\/nprojects\/almacenamiento-de-energia-aplicacion-y-tecnologia\/","url":"https:\/\/www.renac.de\/es\/nprojects\/almacenamiento-de-energia-aplicacion-y-tecnologia\/","name":"Almacenamiento de energ\u00eda - Aplicaci\u00f3n y tecnolog\u00eda - RENAC","isPartOf":{"@id":"https:\/\/www.renac.de\/es\/#website"},"primaryImageOfPage":{"@id":"https:\/\/www.renac.de\/es\/nprojects\/almacenamiento-de-energia-aplicacion-y-tecnologia\/#primaryimage"},"image":{"@id":"https:\/\/www.renac.de\/es\/nprojects\/almacenamiento-de-energia-aplicacion-y-tecnologia\/#primaryimage"},"thumbnailUrl":"","datePublished":"2023-04-26T12:52:37+00:00","dateModified":"2025-02-26T08:18:32+00:00","description":"Este curso ofrece una visi\u00f3n de los avances y retos a los que se enfrentan los sistemas de almacenamiento de energ\u00eda. Estos sistemas tienen el potencial de cerrar la brecha entre la oferta y la demanda de energ\u00eda, especialmente en redes que utilizan una elevada proporci\u00f3n de generaci\u00f3n renovable. A pesar de las importantes mejoras t\u00e9cnicas de los \u00faltimos a\u00f1os, los mercados de almacenamiento est\u00e1n a\u00fan en pa\u00f1ales, y algunas tecnolog\u00edas de sistemas de almacenamiento de energ\u00eda (ESS) se enfrentan a retos tanto econ\u00f3micos como tecnol\u00f3gicos.","breadcrumb":{"@id":"https:\/\/www.renac.de\/es\/nprojects\/almacenamiento-de-energia-aplicacion-y-tecnologia\/#breadcrumb"},"inLanguage":"es","potentialAction":[{"@type":"ReadAction","target":["https:\/\/www.renac.de\/es\/nprojects\/almacenamiento-de-energia-aplicacion-y-tecnologia\/"]}]},{"@type":"ImageObject","inLanguage":"es","@id":"https:\/\/www.renac.de\/es\/nprojects\/almacenamiento-de-energia-aplicacion-y-tecnologia\/#primaryimage","url":"","contentUrl":""},{"@type":"BreadcrumbList","@id":"https:\/\/www.renac.de\/es\/nprojects\/almacenamiento-de-energia-aplicacion-y-tecnologia\/#breadcrumb","itemListElement":[{"@type":"ListItem","position":1,"name":"Startseite","item":"https:\/\/www.renac.de\/es\/"},{"@type":"ListItem","position":2,"name":"Almacenamiento de energ\u00eda &#8211; Aplicaci\u00f3n y tecnolog\u00eda"}]},{"@type":"WebSite","@id":"https:\/\/www.renac.de\/es\/#website","url":"https:\/\/www.renac.de\/es\/","name":"RENAC","description":"","potentialAction":[{"@type":"SearchAction","target":{"@type":"EntryPoint","urlTemplate":"https:\/\/www.renac.de\/es\/?s={search_term_string}"},"query-input":{"@type":"PropertyValueSpecification","valueRequired":true,"valueName":"search_term_string"}}],"inLanguage":"es"}]}},"_links":{"self":[{"href":"https:\/\/www.renac.de\/es\/wp-json\/wp\/v2\/nprojects\/19069","targetHints":{"allow":["GET"]}}],"collection":[{"href":"https:\/\/www.renac.de\/es\/wp-json\/wp\/v2\/nprojects"}],"about":[{"href":"https:\/\/www.renac.de\/es\/wp-json\/wp\/v2\/types\/nprojects"}],"wp:featuredmedia":[{"embeddable":true,"href":"https:\/\/www.renac.de\/es\/wp-json\/"}],"wp:attachment":[{"href":"https:\/\/www.renac.de\/es\/wp-json\/wp\/v2\/media?parent=19069"}],"wp:term":[{"taxonomy":"product_tag","embeddable":true,"href":"https:\/\/www.renac.de\/es\/wp-json\/wp\/v2\/product_tag?post=19069"}],"curies":[{"name":"wp","href":"https:\/\/api.w.org\/{rel}","templated":true}]}}

Almacenamiento de energía &#8211; Aplicación y tecnología

<!-- This site is optimized with the Yoast SEO plugin v26.8 - https://yoast.com/product/yoast-seo-wordpress/ -->
<title>Almacenamiento de energía - Aplicación y tecnología - RENAC</title>
<meta name="description" content="Este curso ofrece una visión de los avances y retos a los que se enfrentan los sistemas de almacenamiento de energía. Estos sistemas tienen el potencial de cerrar la brecha entre la oferta y la demanda de energía, especialmente en redes que utilizan una elevada proporción de generación renovable. A pesar de las importantes mejoras técnicas de los últimos años, los mercados de almacenamiento están aún en pañales, y algunas tecnologías de sistemas de almacenamiento de energía (ESS) se enfrentan a retos tanto económicos como tecnológicos." />
<meta name="robots" content="noindex, follow" />
<meta property="og:locale" content="es_ES" />
<meta property="og:type" content="article" />
<meta property="og:title" content="Almacenamiento de energía - Aplicación y tecnología - RENAC" />
<meta property="og:description" content="Este curso ofrece una visión de los avances y retos a los que se enfrentan los sistemas de almacenamiento de energía. Estos sistemas tienen el potencial de cerrar la brecha entre la oferta y la demanda de energía, especialmente en redes que utilizan una elevada proporción de generación renovable. A pesar de las importantes mejoras técnicas de los últimos años, los mercados de almacenamiento están aún en pañales, y algunas tecnologías de sistemas de almacenamiento de energía (ESS) se enfrentan a retos tanto económicos como tecnológicos." />
<meta property="og:url" content="https://www.renac.de/es/nprojects/almacenamiento-de-energia-aplicacion-y-tecnologia/" />
<meta property="og:site_name" content="RENAC" />
<meta property="article:modified_time" content="2025-02-26T08:18:32+00:00" />
<meta name="twitter:card" content="summary_large_image" />
<meta name="twitter:title" content="Almacenamiento de energía - Aplicación y tecnología" />
<meta name="twitter:description" content="Este curso ofrece una visión de los avances y retos a los que se enfrentan los sistemas de almacenamiento de energía. Estos sistemas tienen el potencial de cerrar la brecha entre la oferta y la demanda de energía, especialmente en redes que utilizan una elevada proporción de generación renovable. A pesar de las importantes mejoras técnicas de los últimos años, los mercados de almacenamiento están aún en pañales, y algunas tecnologías de sistemas de almacenamiento de energía (ESS) se enfrentan a retos tanto económicos como tecnológicos." />
<script type="application/ld+json" class="yoast-schema-graph">{"@context":"https://schema.org","@graph":[{"@type":"WebPage","@id":"https://www.renac.de/es/nprojects/almacenamiento-de-energia-aplicacion-y-tecnologia/","url":"https://www.renac.de/es/nprojects/almacenamiento-de-energia-aplicacion-y-tecnologia/","name":"Almacenamiento de energía - Aplicación y tecnología - RENAC","isPartOf":{"@id":"https://www.renac.de/es/#website"},"primaryImageOfPage":{"@id":"https://www.renac.de/es/nprojects/almacenamiento-de-energia-aplicacion-y-tecnologia/#primaryimage"},"image":{"@id":"https://www.renac.de/es/nprojects/almacenamiento-de-energia-aplicacion-y-tecnologia/#primaryimage"},"thumbnailUrl":"","datePublished":"2023-04-26T12:52:37+00:00","dateModified":"2025-02-26T08:18:32+00:00","description":"Este curso ofrece una visión de los avances y retos a los que se enfrentan los sistemas de almacenamiento de energía. Estos sistemas tienen el potencial de cerrar la brecha entre la oferta y la demanda de energía, especialmente en redes que utilizan una elevada proporción de generación renovable. A pesar de las importantes mejoras técnicas de los últimos años, los mercados de almacenamiento están aún en pañales, y algunas tecnologías de sistemas de almacenamiento de energía (ESS) se enfrentan a retos tanto económicos como tecnológicos.","breadcrumb":{"@id":"https://www.renac.de/es/nprojects/almacenamiento-de-energia-aplicacion-y-tecnologia/#breadcrumb"},"inLanguage":"es","potentialAction":[{"@type":"ReadAction","target":["https://www.renac.de/es/nprojects/almacenamiento-de-energia-aplicacion-y-tecnologia/"]}]},{"@type":"ImageObject","inLanguage":"es","@id":"https://www.renac.de/es/nprojects/almacenamiento-de-energia-aplicacion-y-tecnologia/#primaryimage","url":"","contentUrl":""},{"@type":"BreadcrumbList","@id":"https://www.renac.de/es/nprojects/almacenamiento-de-energia-aplicacion-y-tecnologia/#breadcrumb","itemListElement":[{"@type":"ListItem","position":1,"name":"Startseite","item":"https://www.renac.de/es/"},{"@type":"ListItem","position":2,"name":"Almacenamiento de energía &#8211; Aplicación y tecnología"}]},{"@type":"WebSite","@id":"https://www.renac.de/es/#website","url":"https://www.renac.de/es/","name":"RENAC","description":"","potentialAction":[{"@type":"SearchAction","target":{"@type":"EntryPoint","urlTemplate":"https://www.renac.de/es/?s={search_term_string}"},"query-input":{"@type":"PropertyValueSpecification","valueRequired":true,"valueName":"search_term_string"}}],"inLanguage":"es"}]}</script>
<!-- / Yoast SEO plugin. -->

Almacenamiento de energía - Aplicación y tecnología - RENAC

Este curso ofrece una visión de los avances y retos a los que se enfrentan los sistemas de almacenamiento de energía. Estos sistemas tienen el potencial de cerrar la brecha entre la oferta y la demanda de energía, especialmente en redes que utilizan una elevada proporción de generación renovable. A pesar de las importantes mejoras técnicas de los últimos años, los mercados de almacenamiento están aún en pañales, y algunas tecnologías de sistemas de almacenamiento de energía (ESS) se enfrentan a retos tanto económicos como tecnológicos.

Almacenamiento de energía - Aplicación y tecnología
