{"id":4758,"date":"2024-05-09T14:23:15","date_gmt":"2024-05-09T14:23:15","guid":{"rendered":"https:\/\/renac-wp.test.3ip.eu\/?post_type=nprojects&#038;p=4758"},"modified":"2025-02-26T12:50:13","modified_gmt":"2025-02-26T11:50:13","slug":"eurobserver","status":"publish","type":"nprojects","link":"https:\/\/www.renac.de\/es\/nprojects\/eurobserver\/","title":{"rendered":"EurObserv\u2019ER"},"featured_media":7595,"template":"","product_tag":[],"class_list":["post-4758","nprojects","type-nprojects","status-publish","has-post-thumbnail","hentry"],"acf":[],"yoast_head":"<!-- This site is optimized with the Yoast SEO plugin v26.8 - https:\/\/yoast.com\/product\/yoast-seo-wordpress\/ -->\n<title>EurObserv\u2019ER - RENAC<\/title>\n<meta name=\"description\" content=\"Dirigidos al p\u00fablico en general y a los medios de comunicaci\u00f3n, as\u00ed como a responsables pol\u00edticos, inversionistas e industriales, los informes descriptivos de EurObserv&#039;ER ofrecen un panorama completo sobre la difusi\u00f3n y el crecimiento de las energ\u00edas renovables en la Uni\u00f3n Europea.\" \/>\n<meta name=\"robots\" content=\"noindex, follow\" \/>\n<meta property=\"og:locale\" content=\"es_ES\" \/>\n<meta property=\"og:type\" content=\"article\" \/>\n<meta property=\"og:title\" content=\"EurObserv\u2019ER\" \/>\n<meta property=\"og:description\" content=\"Targeting the general public and the media as well as policy makers, investors and industrialists, EurObserv\u2019ER\u2019s descriptive reports provide a comprehensive picture about the diffusion and growth of renewable energies in the European Union.\" \/>\n<meta property=\"og:url\" content=\"https:\/\/www.renac.de\/es\/nprojects\/eurobserver\/\" \/>\n<meta property=\"og:site_name\" content=\"RENAC\" \/>\n<meta property=\"article:modified_time\" content=\"2025-02-26T11:50:13+00:00\" \/>\n<meta name=\"twitter:card\" content=\"summary_large_image\" \/>\n<meta name=\"twitter:title\" content=\"EurObserv\u2019ER\" \/>\n<meta name=\"twitter:description\" content=\"Targeting the general public and the media as well as policy makers, investors and industrialists, EurObserv\u2019ER\u2019s descriptive reports provide a comprehensive picture about the diffusion and growth of renewable energies in the European Union.\" \/>\n<script type=\"application\/ld+json\" class=\"yoast-schema-graph\">{\"@context\":\"https:\/\/schema.org\",\"@graph\":[{\"@type\":\"WebPage\",\"@id\":\"https:\/\/www.renac.de\/es\/nprojects\/eurobserver\/\",\"url\":\"https:\/\/www.renac.de\/es\/nprojects\/eurobserver\/\",\"name\":\"EurObserv\u2019ER - RENAC\",\"isPartOf\":{\"@id\":\"https:\/\/www.renac.de\/es\/#website\"},\"primaryImageOfPage\":{\"@id\":\"https:\/\/www.renac.de\/es\/nprojects\/eurobserver\/#primaryimage\"},\"image\":{\"@id\":\"https:\/\/www.renac.de\/es\/nprojects\/eurobserver\/#primaryimage\"},\"thumbnailUrl\":\"\",\"datePublished\":\"2024-05-09T14:23:15+00:00\",\"dateModified\":\"2025-02-26T11:50:13+00:00\",\"description\":\"Dirigidos al p\u00fablico en general y a los medios de comunicaci\u00f3n, as\u00ed como a responsables pol\u00edticos, inversionistas e industriales, los informes descriptivos de EurObserv'ER ofrecen un panorama completo sobre la difusi\u00f3n y el crecimiento de las energ\u00edas renovables en la Uni\u00f3n Europea.\",\"breadcrumb\":{\"@id\":\"https:\/\/www.renac.de\/es\/nprojects\/eurobserver\/#breadcrumb\"},\"inLanguage\":\"es\",\"potentialAction\":[{\"@type\":\"ReadAction\",\"target\":[\"https:\/\/www.renac.de\/es\/nprojects\/eurobserver\/\"]}]},{\"@type\":\"ImageObject\",\"inLanguage\":\"es\",\"@id\":\"https:\/\/www.renac.de\/es\/nprojects\/eurobserver\/#primaryimage\",\"url\":\"\",\"contentUrl\":\"\"},{\"@type\":\"BreadcrumbList\",\"@id\":\"https:\/\/www.renac.de\/es\/nprojects\/eurobserver\/#breadcrumb\",\"itemListElement\":[{\"@type\":\"ListItem\",\"position\":1,\"name\":\"Startseite\",\"item\":\"https:\/\/www.renac.de\/es\/\"},{\"@type\":\"ListItem\",\"position\":2,\"name\":\"EurObserv\u2019ER\"}]},{\"@type\":\"WebSite\",\"@id\":\"https:\/\/www.renac.de\/es\/#website\",\"url\":\"https:\/\/www.renac.de\/es\/\",\"name\":\"RENAC\",\"description\":\"\",\"potentialAction\":[{\"@type\":\"SearchAction\",\"target\":{\"@type\":\"EntryPoint\",\"urlTemplate\":\"https:\/\/www.renac.de\/es\/?s={search_term_string}\"},\"query-input\":{\"@type\":\"PropertyValueSpecification\",\"valueRequired\":true,\"valueName\":\"search_term_string\"}}],\"inLanguage\":\"es\"}]}<\/script>\n<!-- \/ Yoast SEO plugin. -->","yoast_head_json":{"title":"EurObserv\u2019ER - RENAC","description":"Dirigidos al p\u00fablico en general y a los medios de comunicaci\u00f3n, as\u00ed como a responsables pol\u00edticos, inversionistas e industriales, los informes descriptivos de EurObserv'ER ofrecen un panorama completo sobre la difusi\u00f3n y el crecimiento de las energ\u00edas renovables en la Uni\u00f3n Europea.","robots":{"index":"noindex","follow":"follow"},"og_locale":"es_ES","og_type":"article","og_title":"EurObserv\u2019ER","og_description":"Targeting the general public and the media as well as policy makers, investors and industrialists, EurObserv\u2019ER\u2019s descriptive reports provide a comprehensive picture about the diffusion and growth of renewable energies in the European Union.","og_url":"https:\/\/www.renac.de\/es\/nprojects\/eurobserver\/","og_site_name":"RENAC","article_modified_time":"2025-02-26T11:50:13+00:00","twitter_card":"summary_large_image","twitter_title":"EurObserv\u2019ER","twitter_description":"Targeting the general public and the media as well as policy makers, investors and industrialists, EurObserv\u2019ER\u2019s descriptive reports provide a comprehensive picture about the diffusion and growth of renewable energies in the European Union.","schema":{"@context":"https:\/\/schema.org","@graph":[{"@type":"WebPage","@id":"https:\/\/www.renac.de\/es\/nprojects\/eurobserver\/","url":"https:\/\/www.renac.de\/es\/nprojects\/eurobserver\/","name":"EurObserv\u2019ER - RENAC","isPartOf":{"@id":"https:\/\/www.renac.de\/es\/#website"},"primaryImageOfPage":{"@id":"https:\/\/www.renac.de\/es\/nprojects\/eurobserver\/#primaryimage"},"image":{"@id":"https:\/\/www.renac.de\/es\/nprojects\/eurobserver\/#primaryimage"},"thumbnailUrl":"","datePublished":"2024-05-09T14:23:15+00:00","dateModified":"2025-02-26T11:50:13+00:00","description":"Dirigidos al p\u00fablico en general y a los medios de comunicaci\u00f3n, as\u00ed como a responsables pol\u00edticos, inversionistas e industriales, los informes descriptivos de EurObserv'ER ofrecen un panorama completo sobre la difusi\u00f3n y el crecimiento de las energ\u00edas renovables en la Uni\u00f3n Europea.","breadcrumb":{"@id":"https:\/\/www.renac.de\/es\/nprojects\/eurobserver\/#breadcrumb"},"inLanguage":"es","potentialAction":[{"@type":"ReadAction","target":["https:\/\/www.renac.de\/es\/nprojects\/eurobserver\/"]}]},{"@type":"ImageObject","inLanguage":"es","@id":"https:\/\/www.renac.de\/es\/nprojects\/eurobserver\/#primaryimage","url":"","contentUrl":""},{"@type":"BreadcrumbList","@id":"https:\/\/www.renac.de\/es\/nprojects\/eurobserver\/#breadcrumb","itemListElement":[{"@type":"ListItem","position":1,"name":"Startseite","item":"https:\/\/www.renac.de\/es\/"},{"@type":"ListItem","position":2,"name":"EurObserv\u2019ER"}]},{"@type":"WebSite","@id":"https:\/\/www.renac.de\/es\/#website","url":"https:\/\/www.renac.de\/es\/","name":"RENAC","description":"","potentialAction":[{"@type":"SearchAction","target":{"@type":"EntryPoint","urlTemplate":"https:\/\/www.renac.de\/es\/?s={search_term_string}"},"query-input":{"@type":"PropertyValueSpecification","valueRequired":true,"valueName":"search_term_string"}}],"inLanguage":"es"}]}},"_links":{"self":[{"href":"https:\/\/www.renac.de\/es\/wp-json\/wp\/v2\/nprojects\/4758","targetHints":{"allow":["GET"]}}],"collection":[{"href":"https:\/\/www.renac.de\/es\/wp-json\/wp\/v2\/nprojects"}],"about":[{"href":"https:\/\/www.renac.de\/es\/wp-json\/wp\/v2\/types\/nprojects"}],"wp:featuredmedia":[{"embeddable":true,"href":"https:\/\/www.renac.de\/es\/wp-json\/"}],"wp:attachment":[{"href":"https:\/\/www.renac.de\/es\/wp-json\/wp\/v2\/media?parent=4758"}],"wp:term":[{"taxonomy":"product_tag","embeddable":true,"href":"https:\/\/www.renac.de\/es\/wp-json\/wp\/v2\/product_tag?post=4758"}],"curies":[{"name":"wp","href":"https:\/\/api.w.org\/{rel}","templated":true}]}}

<!-- This site is optimized with the Yoast SEO plugin v26.8 - https://yoast.com/product/yoast-seo-wordpress/ -->
<title>EurObserv’ER - RENAC</title>
<meta name="description" content="Dirigidos al público en general y a los medios de comunicación, así como a responsables políticos, inversionistas e industriales, los informes descriptivos de EurObserv&#039;ER ofrecen un panorama completo sobre la difusión y el crecimiento de las energías renovables en la Unión Europea." />
<meta name="robots" content="noindex, follow" />
<meta property="og:locale" content="es_ES" />
<meta property="og:type" content="article" />
<meta property="og:title" content="EurObserv’ER" />
<meta property="og:description" content="Targeting the general public and the media as well as policy makers, investors and industrialists, EurObserv’ER’s descriptive reports provide a comprehensive picture about the diffusion and growth of renewable energies in the European Union." />
<meta property="og:url" content="https://www.renac.de/es/nprojects/eurobserver/" />
<meta property="og:site_name" content="RENAC" />
<meta property="article:modified_time" content="2025-02-26T11:50:13+00:00" />
<meta name="twitter:card" content="summary_large_image" />
<meta name="twitter:title" content="EurObserv’ER" />
<meta name="twitter:description" content="Targeting the general public and the media as well as policy makers, investors and industrialists, EurObserv’ER’s descriptive reports provide a comprehensive picture about the diffusion and growth of renewable energies in the European Union." />
<script type="application/ld+json" class="yoast-schema-graph">{"@context":"https://schema.org","@graph":[{"@type":"WebPage","@id":"https://www.renac.de/es/nprojects/eurobserver/","url":"https://www.renac.de/es/nprojects/eurobserver/","name":"EurObserv’ER - RENAC","isPartOf":{"@id":"https://www.renac.de/es/#website"},"primaryImageOfPage":{"@id":"https://www.renac.de/es/nprojects/eurobserver/#primaryimage"},"image":{"@id":"https://www.renac.de/es/nprojects/eurobserver/#primaryimage"},"thumbnailUrl":"","datePublished":"2024-05-09T14:23:15+00:00","dateModified":"2025-02-26T11:50:13+00:00","description":"Dirigidos al público en general y a los medios de comunicación, así como a responsables políticos, inversionistas e industriales, los informes descriptivos de EurObserv'ER ofrecen un panorama completo sobre la difusión y el crecimiento de las energías renovables en la Unión Europea.","breadcrumb":{"@id":"https://www.renac.de/es/nprojects/eurobserver/#breadcrumb"},"inLanguage":"es","potentialAction":[{"@type":"ReadAction","target":["https://www.renac.de/es/nprojects/eurobserver/"]}]},{"@type":"ImageObject","inLanguage":"es","@id":"https://www.renac.de/es/nprojects/eurobserver/#primaryimage","url":"","contentUrl":""},{"@type":"BreadcrumbList","@id":"https://www.renac.de/es/nprojects/eurobserver/#breadcrumb","itemListElement":[{"@type":"ListItem","position":1,"name":"Startseite","item":"https://www.renac.de/es/"},{"@type":"ListItem","position":2,"name":"EurObserv’ER"}]},{"@type":"WebSite","@id":"https://www.renac.de/es/#website","url":"https://www.renac.de/es/","name":"RENAC","description":"","potentialAction":[{"@type":"SearchAction","target":{"@type":"EntryPoint","urlTemplate":"https://www.renac.de/es/?s={search_term_string}"},"query-input":{"@type":"PropertyValueSpecification","valueRequired":true,"valueName":"search_term_string"}}],"inLanguage":"es"}]}</script>
<!-- / Yoast SEO plugin. -->

Dirigidos al público en general y a los medios de comunicación, así como a responsables políticos, inversionistas e industriales, los informes descriptivos de EurObserv'ER ofrecen un panorama completo sobre la difusión y el crecimiento de las energías renovables en la Unión Europea.
